22457 prime?
True
Is 90015389 composite?
True
Is 103586267 a composite number?
False
Is 1291811639 prime?
True
Is 6169662883 prime?
True
Is 3051735529 composite?
True
Is 23161092811 composite?
False
Is 2256907651 composite?
False
Is 7317449677 composite?
True
Is 1182312359 a composite number?
True
Is 962445991 a prime number?
False
Is 19645392383 prime?
False
Is 287741183 a prime number?
False
Is 21892559561 a prime number?
True
Is 7242824863 a composite number?
False
Is 1192427371 a composite number?
True
Is 375582107 composite?
False
Is 10791275711 prime?
True
Is 100163496091 prime?
False
Is 121892622095 prime?
False
Is 303370843 a composite number?
False
Is 3067956953 prime?
False
Is 28409391341 composite?
False
Is 1565423311 a composite number?
False
Is 247038689 a prime number?
True
Is 99430649 a prime number?
True
Is 1555150981 a composite number?
False
Is 4020353219 composite?
True
Is 6169925491 a composite number?
True
Is 1673977483 a prime number?
False
Is 396388297 composite?
True
Is 96502746793 prime?
True
Is 57832399281 composite?
True
Is 10747337402 prime?
False
Is 234757961 a prime number?
False
Is 3718637837 a prime number?
True
Is 3207238183 a composite number?
False
Is 474560183 prime?
False
Is 2622669733 composite?
True
Is 96958343239 prime?
True
Is 384433531 a prime number?
False
Is 909296231 a prime number?
False
Is 6510234151 prime?
True
Is 6215105947 a composite number?
False
Is 116933311429 a composite number?
True
Is 17424395357 prime?
False
Is 39689064827 a composite number?
True
Is 350569451 a prime number?
True
Is 30860790379 prime?
True
Is 2542998617 composite?
False
Is 85809941881 composite?
False
Is 614104441 a prime number?
True
Is 598357787 a composite number?
False
Is 29083454557 a composite number?
False
Is 17098657691 composite?
False
Is 20891700187 composite?
False
Is 17923053329 composite?
True
Is 72016131557 composite?
False
Is 778340489 composite?
True
Is 133180429 a composite number?
False
Is 890181505 composite?
True
Is 133043311 a prime number?
False
Is 343158258613 prime?
True
Is 1433188231 a prime number?
True
Is 55045588711 a prime number?
True
Is 123843402401 composite?
True
Is 298855453 a prime number?
False
Is 76128954221 composite?
True
Is 11678093429 composite?
False
Is 15571672373 a composite number?
False
Is 28095178145 a prime number?
False
Is 27161548519 composite?
True
Is 747589967 prime?
False
Is 9318703451 a composite number?
False
Is 139371539 a prime number?
True
Is 7509966547 a prime number?
True
Is 2918927987 composite?
False
Is 3922023023 prime?
True
Is 10738851427 prime?
True
Is 139060636241 prime?
True
Is 86177656057 prime?
False
Is 95001565705 a prime number?
False
Is 1134203933 composite?
False
Is 615129743 a prime number?
True
Is 29646594163 a prime number?
True
Is 6779689327 prime?
False
Is 482666377 composite?
False
Is 16019669 a prime number?
True
Is 30565822279 composite?
False
Is 7257992351 prime?
False
Is 55002503 a prime number?
True
Is 22804733247 a composite number?
True
Is 4260834857 a composite number?
False
Is 1613819357 prime?
False
Is 739110461 composite?
False
Is 33100303 a prime number?
True
Is 11523721159 a prime number?
True
Is 346749889 a prime number?
True
Is 1013227147 prime?
True
Is 1534281649 prime?
True
Is 6822901685 a composite number?
True
Is 162376223 prime?
False
Is 338867329 a composite number?
False
Is 5645748893 a prime number?
False
Is 23342061941 a prime number?
False
Is 18187056611 a prime number?
True
Is 42527823829 prime?
True
Is 31921760599 a prime number?
True
Is 1027420997 prime?
False
Is 34590859643 composite?
False
Is 1870576871 a prime number?
True
Is 8256881177 composite?
False
Is 66209689463 a composite number?
False
Is 67544592733 a composite number?
True
Is 24780169367 prime?
False
Is 13625599201 composite?
False
Is 10754135153 a composite number?
False
Is 1268111857 composite?
False
Is 1584010165 a prime number?
False
Is 2130733223 composite?
True
Is 32629847501 a composite number?
False
Is 5852587451 a composite number?
False
Is 670581257 prime?
True
Is 93691583 prime?
False
Is 44326264357 composite?
False
Is 7694839153 a composite number?
False
Is 34589433985 a prime number?
False
Is 4582655183 a prime number?
False
Is 19684611871 a prime number?
False
Is 32041571 prime?
False
Is 5151352267 composite?
False
Is 3854768311 a prime number?
False
Is 19658151827 a prime number?
True
Is 2216068991 a prime number?
True
Is 1761406303 a prime number?
True
Is 211224442321 a prime number?
True
Is 18085048297 composite?
True
Is 208531591 composite?
True
Is 72816659 composite?
False
Is 9485046383 a prime number?
False
Is 18392189801 prime?
True
Is 477502841 a composite number?
False
Is 12522514751 prime?
True
Is 5889370985 prime?
False
Is 92472234181 a composite number?
False
Is 5373815893 a composite number?
False
Is 7272260579 composite?
False
Is 5318905811 prime?
True
Is 534232163 prime?
False
Is 8886899033 a composite number?
False
Is 257793917 prime?
True
Is 399530933 a composite number?
False
Is 3194787217 a prime number?
True
Is 324618823 composite?
False
Is 17751257 a prime number?
False
Is 5614446455 a prime number?
False
Is 49435570771 a prime number?
False
Is 6808114189 composite?
False
Is 126008379626 composite?
True
Is 2572514831 a composite number?
False
Is 646476371 composite?
True
Is 2898305743 prime?
True
Is 3508299497 a composite number?
False
Is 72100182229 prime?
True
Is 4668705458 a prime number?
False
Is 305997407 composite?
False
Is 965058293 prime?
False
Is 9705851269 prime?
True
Is 16614461209 a prime number?
False
Is 83946703429 composite?
False
Is 52326805067 prime?
False
Is 184083847 prime?
False
Is 1148889881 prime?
True
Is 5929002601 a prime number?
True
Is 423758081 a prime number?
True
Is 9385867243 a composite number?
True
Is 17024884297 a composite number?
False
Is 1092574367 composite?
False
Is 19951395067 a composite number?
False
Is 849472469 a prime number?
False
Is 502157609 a prime number?
True
Is 2006538839 prime?
True
Is 229172360899 a composite number?
True
Is 8353955177 a prime number?
True
Is 24174724229 a prime number?
True
Is 37560187 a prime number?
False
Is 116683081 a prime number?
True
Is 156283541 prime?
True
Is 56556908645 a prime number?
False
Is 2287404397 composite?
True
Is 885253822 prime?
False
Is 442907567 prime?
True
Is 1410392419 a composite number?
False
Is 20346814297 a composite number?
True
Is 324616697 composite?
True
Is 6178668383 a composite number?
True
Is 724184117 composite?
True
Is 82218553 prime?
False
Is 3956394163 prime?
False
Is 147982578173 prime?
True
Is 18676922018 a prime number?
False
Is 2325061 a composite number?
False
Is 1914119443 composite?
False
Is 60918327842 composite?
True
Is 3436015729 a prime number?
False
Is 4879421367 a prime number?
False
Is 194401003 prime?
False
Is 8104979 a prime number?
False
Is 1968028639 a prime number?
True
Is 973467499 prime?
False
Is 1091263234 a composite number?
True
Is 1718049191 a prime number?
True
Is 2333385241 a prime number?
False
Is 39116098429 a composite number?
True
Is 4020508957 a composite number?
False
Is 16031210087 a prime number?
True
Is 947714993 a composite number?
False
Is 196813499 a composite number?
False
Is 8285092813 a composite number?
True
Is 29952470239 composite?
False
Is 6389918993 a prime number?
True
Is 475668169 composite?
True
Is 80910185267 a composite number?
False
Is 518382481 composite?
False
Is 319984039 prime?
False
Is 3836543297 a composite number?
False
Is 419881141 prime?
False
Is 657180521 composite?
False
Is 285126111421 a prime number?
True
Is 2171766967 prime?
True
Is 13105299713 prime?
False
Is 26360014739 composite?
False
Is 63793021 a prime number?
False
Is 6604077989 a composite number?
False
Is 138408437747 a prime number?
True
Is 3668321647 prime?
False
Is 1086675839 composite?
False
Is 20068760737 composite?
False
Is 16266058279 prime?
False
Is 9045537077 composite?
False
Is 40399231918 a prime number?
False
Is 354179459 prime?
True
Is 867592337 a prime number?
True
Is 1838291813 composite?
True
Is 119033843 a composite number?
True
Is 1239217201 composite?
False
Is 6584875457 composite?
False
Is 507954329 a composite number?
False
Is 25272170065 a composite number